is -132 + -31011?
-31143
In base 11, what is 1291a24 - 0?
1291a24
In base 14, what is 2445 + 4?
2449
In base 7, what is 5 - 540332?
-540324
In base 14, what is 48939 - 7?
48932
In base 2, what is 1 - -1010001001000110?
1010001001000111
In base 3, what is -20000021 - 1020?
-20001111
In base 15, what is -341 - -1d?
-323
In base 16, what is 933 - 1?
932
In base 2, what is 100000011 - 111?
11111100
In base 13, what is 448ac + -1?
448ab
In base 15, what is -31b + -8?
-324
In base 15, what is -125a21 - 5?
-125a26
In base 12, what is 10400 + -5?
103b7
In base 16, what is -4 + 154b6?
154b2
In base 9, what is 14 + 117784?
117808
In base 12, what is -8 + 3054?
3048
In base 6, what is 103205 + 51?
103300
In base 10, what is 49 + 9330?
9379
In base 10, what is -15426 - 5?
-15431
In base 8, what is 21546 + -256?
21270
In base 4, what is -1112123 - -1301?
-1110222
In base 15, what is -d7 - -12?
-c5
In base 12, what is -9804 + 33?
-9791
In base 14, what is -62 - 3d37?
-3d99
In base 7, what is 13134 - -14?
13151
In base 12, what is 6510 - -2?
6512
In base 2, what is -100011011011001010 + -11100?
-100011011011100110
In base 6, what is 100 - 432012?
-431512
In base 7, what is 361 - 241?
120
In base 15, what is a19 - -6?
a20
In base 9, what is -13 + 46055?
46042
In base 6, what is 12004 - 53?
11511
In base 5, what is -2 - -4141?
4134
In base 5, what is 3120404 + -1?
3120403
In base 2, what is -11101111111111100 - -1?
-11101111111111011
In base 7, what is 201 - 205246?
-205045
In base 2, what is -1101011 - 100100100?
-110001111
In base 13, what is 3 + -12a840?
-12a83a
In base 5, what is 20014 - -4434?
30003
In base 7, what is 2613424 - 2?
2613422
In base 6, what is 4431 + 14?
4445
In base 15, what is 2 - -214e1?
214e3
In base 11, what is -76a - 3a8?
-1067
In base 6, what is 30041 - -15?
30100
In base 6, what is -1021 - 122250?
-123311
In base 15, what is 1 + -3ecb?
-3eca
In base 7, what is 2401 + -41?
2330
In base 2, what is 101010 - 110000001101?
-101111100011
In base 3, what is -102120 - -101100?
-1020
In base 8, what is 231 - -1401?
1632
In base 4, what is -11323123 + 10?
-11323113
In base 13, what is 601 + -111?
4c0
In base 5, what is -22101413 - 10?
-22101423
In base 3, what is 12111011 - 220112?
11120122
In base 8, what is -42601 + 3?
-42576
In base 14, what is 172a + 0?
172a
In base 6, what is -445 - 534?
-1423
In base 16, what is 1 - 534dc?
-534db
In base 8, what is -3 - -524525?
524522
In base 7, what is -26 + -2124626?
-2124655
In base 4, what is -12331000 - 11?
-12331011
In base 13, what is -44585 + 5?
-44580
In base 14, what is -125b6 - -a?
-125aa
In base 7, what is -2624 - -3?
-2621
In base 10, what is -944 + -88?
-1032
In base 4, what is -303330201 - 11?
-303330212
In base 16, what is 43 - -16b1?
16f4
In base 7, what is 364443 + 3?
364446
In base 8, what is -55133 - 3?
-55136
In base 16, what is -3 - -310c?
3109
In base 8, what is -14 - 1024471?
-1024505
In base 15, what is -2aa + -1434?
-16de
In base 13, what is -68 + b7?
4c
In base 13, what is 32 + -3663?
-3631
In base 10, what is -77266 - 5?
-77271
In base 12, what is -3ba21 - 0?
-3ba21
In base 15, what is 598 - 261?
337
In base 8, what is -175 - -20045?
17650
In base 15, what is 3419 + 5?
341e
In base 4, what is -103001 + -120?
-103121
In base 14, what is -702c + c?
-7020
In base 6, what is -3032 + -11533?
-15005
In base 11, what is -39 + -367?
-3a5
In base 3, what is 12122202 - 210?
12121222
In base 11, what is 242 - -20?
262
In base 10, what is 245712 - -15?
245727
In base 11, what is -4 - 3091a?
-30923
In base 14, what is -2377 - 11d?
-2496
In base 9, what is -16 - -20205?
20178
In base 8, what is 372335 - -7?
372344
In base 9, what is 106455 - 0?
106455
In base 16, what is 21975a - -3?
21975d
In base 13, what is 10763a - 5?
107635
In base 6, what is 14053 + -3?
14050
In base 14, what is -ab6 - -465?
-651
In base 16, what is 14 - -180b?
181f
In base 3, what is 10212102 - -2?
10212111
In base 14, what is 1d809 - 0?
1d809
In base 8, what is -2 - -200336?
200334
In base 5, what is 104410 + -34?
104321
In base 6, what is -1 - 1134234?
-1134235
In base 8, what is -47103 - -2?
-47101
In base 14, what is cc2 - 31?
c91
In base 14, what is -6a + a72?
a06
In base 2, what is 10000 + -11001101001010011?
-11001101001000011
In base 13, what is -15c79 + 8?
-15c71
In base 9, what is -43 - 0?
-43
In base 11, what is 5050 - -24a?
529a
In base 12, what is -6 - 137a?
-1384
In base 16, what is -4 - -46c5?
46c1
In base 6, what is -13511 - 5?
-13520
In base 9, what is 6454 + 43?
6507
In base 2, what is 101100011 - 111001100?
-1101001
In base 9, what is 221 + 573?
804
In base 14, what is 473 + -67?
40a
In base 4, what is 100 + -2102332?
-2102232
In base 12, what is 2a + -34808?
-3479a
In base 10, what is -23143 + 1?
-23142
In base 2, what is -111110 + -111101001101?
-111110001011
In base 14, what is 97d + -55b?
422
In base 14, what is -5 - -3c660?
3c659
In base 12, what is -6 - -b7a8?
b7a2
In base 5, what is 3 - 2014434?
-2014431
In base 5, what is 1133 + -210?
423
In base 6, what is -1114 + 2022?
504
In base 14, what is 7b3 + 4a?
81d
In base 3, what is 2020012 + -1222021?
20221
In base 4, what is 2320331101 - -11?
2320331112
In base 2, what is -100100011001000100 + 100?
-100100011001000000
In base 12, what is -2 + 25a960?
25a95a
In base 14, what is 10 - -d2?
102
In base 7, what is -6600 + 31?
-6536
In base 3, what is -11210012 - -1012111?
-10120201
In base 15, what is -e - -14c0a?
14beb
In base 14, what is -56 - 154?
-1aa
In base 9, what is -3 + -434130?
-434133
In base 12, what is -14 + 64391?
64379
In base 10, what is -1 - 25784?
-25785
In base 9, what is 8261874 - 5?
8261868
In base 7, what is -266223 + -2?
-266225
In base 16, what is -150 + -1ca?
-31a
In base 12, what is -6 - 602?
-608
In base 16, what is -6c09 - -3?
-6c06
In base 14, what is -2baa + -4?
-2bb0
In base 9, what is 8582 - -42?
8634
In base 9, what is 74 - 2274?
-2200
In base 5, what is 2 - 1104010?
-1104003
In base 4, what is -123 - 113102311?
-113103100
In base 13, what is 37334 - 2?
37332
In base 16, what is -2 - -c286?
c284
In base 15, what is 101 + 3?
104
In base 10, what is 19 + 47900?
47919
In base 11, what is -1a + 5748?
5729
In base 9, what is 3038 + -602?
2336
In base 3, what is 2 - -211102221212?
211102221221
In base 4, what is 223113 - 302?
222211
In base 15, what is -3 - 44415?
-44418
In base 4, what is -103031210 - -131?
-103031013
In base 16, what is 3 + 10bd?
10c0
In base 9, what is 1257 - 10?
1247
In base 11, what is -779 + -3?
-781
In base 4, what is 10033011 + -20?
10032331
In base 10, what is -5 + 417559?
417554
In base 5, what is 123132 - -3344?
132031
In base 11, what is 1833 + 48?
1880
In base 10, what is -4838 - 7?
-4845
In base 10, what is -1352 + -1846?
-3198
In base 8, what is -3 - -26511?
26506
In base 3, what is 102 - 110111020?
-110110211
In base 14, what is 7 - 1a27?
-1a20
In base 15, what is 143 + 2d2?
425
In base 9, what is 754087 - -4?
754102
In base 13, what is 378 + -106?
272
In base 7, what is -123 - 3450?
-3603
In base 13, what is 312 + -67?
278
In base 9, what is -46 + 515?
458
In base 7, what is -2 + -146040?
-146042
In base 15, what is 5 - 6534?
-652e
In base 16, what is -4 + 14771?
1476d
In base 2, what is 1010110100 + -100010011?
110100001
In base 10, what is -159 + 713?
554
In base 6, what is 145500 + -2?
145454
In base 7, what is -2 - -5156?
5154
In base 2, what is -1010001101000 - -1000111?
-1010000100001
In base 9, what is 4 - 2350185?
-2350181
In base 7, what is 26 - 32652?
-32623
In base 5, what is -11 - 310113?
-310124
In base 11, what is 469 - 324?
145
In base 7, what is -43311050 + -2?
-43311052
In base 16, what is d0 + df5?
ec5
In base 5, what is 1221214 + 21?
1221240
In base 2, what is -111100110111011001 - 101?
-111100110111011110
In base 3, what is -112010122 + 2?
-112010120
In base 10, what is 7 - -2602?
2609
In base 14, what is 0 + -379b?
-379b
In base 10, what is -7614432 - -1?
-7614431
In base 16, what is 25 - 1190?
-116b
In base 16, what is 208f - -15?
20a4
In base 14, what is -18a9b + 10?
-18a8b
In base 9, what is 125826 - 44?
125772
In base 11, what is 5 - -9263?
9268
In base 7, what is 415234 + -35?
415166
In base 10, what is 164439 + -4?
164435
In base 11, what is -3 + -224226?
-